t r be 1/2 + (-13)/2. Let f be b(r). What is the greatest common divisor of f and 6?
3
Let n = -50 - -68. Let r be 3*((-8)/(-3) + -1). Suppose -r*x = 5 - 15. What is the highest common divisor of n and x?
2
Let r be (-128)/(-4)*1*3. Let t = r + -63. Suppose -t = 3*y - 7*y + i, 4*y - 8 = -4*i. What is the highest common factor of y and 77?
7
Let x = 26 + -18. Calculate the highest common factor of x and 64.
8
Let q be (-2)/(-8) - 86/(-8). Suppose -4*g + 4 = 0, -5*t - 5*g + 215 = -0*t. Suppose i - t = -9. What is the highest common factor of q and i?
11
Suppose 0 = -t + 19 - 6. What is the greatest common divisor of 26 and t?
13
Let z(t) = t**2 + 8*t + 18. Let j be z(-9). What is the greatest common divisor of j and 27?
27
Let h(y) = -4*y**2 - y + 2. Let x be h(2). Let a = -6 - x. Suppose s + 60 = 5*s. What is the greatest common factor of s and a?
5
Suppose -2284 = -20*d - 324. Calculate the highest common factor of 42 and d.
14
Suppose -3*w + d - 3*d = -158, -d = w - 52. Let r be ((-2)/3)/(2/(-54)). What is the highest common factor of r and w?
18
Let r be (24/7)/((-2)/(-56)). Let p be -1 + (-197)/(-15) - (-4)/(-30). What is the highest common divisor of p and r?
12
Let a = 10 - 30. Let x be 8/(-12)*-3 - a. Calculate the greatest common divisor of 11 and x.
11
Let s(l) = l + 8. Let f = 2 + -8. Let x be s(f). What is the highest common factor of 6 and x?
2
Let v = -131 + 183. What is the highest common divisor of 78 and v?
26
Let l = 11 + -17. Let c be 43/4 - l/(-8). Calculate the highest common divisor of c and 40.
10
Let k(m) = m**3 + 10*m**2 - m - 6. Let g be k(-10). Suppose -8 = -0*x - x. Let v = x - g. Calculate the highest common factor of 24 and v.
4
Let v be ((-132)/(-55))/(0 - (-1)/70). Calculate the greatest common factor of 21 and v.
21
Let d be 2 - (-12 - (0/1 + -2)). What is the greatest common factor of d and 60?
12
Let c(y) = 4*y**2 + 3*y + 4. Let b be c(-2). What is the greatest common factor of 14 and b?
14
Let f be (9 + 2)/(-1 + 0). Let t = f + 25. Calculate the greatest common divisor of 28 and t.
14
Let w(n) = 12*n**3 - 2*n**2 + n. Let i be w(2). Let r be 1*-5*(-2 + -1 - -1). What is the greatest common divisor of i and r?
10
Let w(g) = -g**3 - 4*g**2 + 8*g - 3. Let v be w(-6). What is the highest common divisor of v and 21?
21
Suppose -114*c + 11 = -113*c. What is the greatest common divisor of c and 297?
11
Let q(d) = -7*d + 2. Let s be q(-4). Let w = 1 - -4. Suppose 3*t - w*z - 215 = 0, -5*t = -3*z + 2*z - 373. What is the greatest common factor of s and t?
15
Let v = -9 - -18. Let g = v - 2. What is the greatest common divisor of 77 and g?
7
Suppose 4*m + 180 = 3*i, -2*m = 5*i - 131 - 143. Calculate the greatest common factor of i and 8.
8
Suppose 2 = -2*m + 6. Suppose m*t - 18 = -0*t. Calculate the highest common factor of 3 and t.
3
Let k(l) = -l**2 - 7*l + 1. Let z be k(-5). Let d be (121/4)/(9/36). Calculate the greatest common factor of d and z.
11
Suppose 17*v = 18*v - 16. What is the greatest common divisor of v and 112?
16
Let y(i) = i**2 + 4*i + 16. Let w be y(-5). Calculate the greatest common factor of w and 3.
3
Suppose 6*o = o. Suppose 5*s = w - 3*w + 7, 4*s + 20 = o. Calculate the highest common factor of w and 176.
16
Suppose -2*v + 5*w + 135 = 0, -5*v + 2*w - 6*w = -255. What is the greatest common divisor of 22 and v?
11
Let l be (-46)/(-207) + 2912/18. Calculate the greatest common factor of 18 and l.
18
Suppose 54*w - 52 = 50*w. What is the highest common divisor of 117 and w?
13
Let z(f) = 12*f - 60. Let u be z(6). What is the highest common divisor of 60 and u?
12
Suppose 10*z - 540 = 5*z. Calculate the highest common factor of z and 12.
12
Suppose 59 - 20 = -3*v. Let c = v + 19. What is the highest common factor of c and 9?
3
Let p be 124/24*2 + 12/(-9). Let z(c) = c**2 - 6*c + 7. Let y be z(5). Let q be 0 - 0 - (y - 5). Calculate the greatest common factor of q and p.
3
Let l be -2*(-18 + -2) - -2. Let q be (29 - 1) + 0*2/6. What is the greatest common divisor of q and l?
14
Let y(t) = t**3 + t**2 - t + 192. Let p be y(0). Calculate the highest common factor of p and 24.
24
Let p(r) = -r + 10. Let u be p(-15). What is the greatest common factor of 5 and u?
5
Let u = 6 + -9. Let d(h) be the first derivative of h**4/4 + h**3 - 3*h**2/2 - 4*h - 7. Let f be d(u). Calculate the greatest common factor of 5 and f.
5
Suppose u - 8 = -0*u + 3*t, 0 = 4*u + 4*t. Suppose u*s - 6 = -3*b + 9, 2*s = 4*b - 6. What is the greatest common factor of b and 21?
3
Let x(m) = -m**2 + 6*m + 7. Let u be x(7). Suppose 2*c + 5*b - 57 = u, 2*c = 4*b - b + 49. What is the highest common divisor of c and 39?
13
Suppose -2*v = 3*v - 900. Suppose 0 = s - 3*s + v. Suppose f + 4*f = s. What is the highest common factor of 12 and f?
6
Let v(l) = -3*l - 11. Let w be v(-7). What is the highest common factor of 50 and w?
10
Let g(t) = -7*t + 83. Let i be g(-31). Calculate the highest common divisor of 50 and i.
50
Suppose -7*v = -3*v - 288. Suppose 0 = -4*d - 2*d + v. Calculate the highest common factor of d and 6.
6
Let c be 42/4 + (-3)/(-6). Let l be (-11)/((-33)/18) + 71. What is the highest common divisor of l and c?
11
Let n(j) = j - 3. Let k be n(8). Let o = k - -2. What is the greatest common divisor of 35 and o?
7
Let c be (0 - 3) + (308 - -5). Let u be c/15*3*1. Let x be (-6)/15 + u/5. Calculate the greatest common divisor of 30 and x.
6
Let v(r) = -r + 12. Suppose -2*l - 4 = 16. Let i be v(l). What is the greatest common divisor of i and 66?
22
Suppose -9*d - 138 = -12*d. Let x = d + -26. What is the greatest common divisor of 10 and x?
10
Let b(a) = -a - 11. Let r be b(-11). Let z be 2/(2/63 - r). What is the highest common factor of 7 and z?
7
Let d = -8 + 3. Let o(h) = h**3 + 7*h**2 + 7*h + 1. Let a be o(d). Calculate the highest common factor of 64 and a.
16
Suppose -2*a + 4*t = 3*t - 56, 0 = -a + t + 26. Calculate the highest common factor of 30 and a.
30
Suppose -3*i = i - 60. Suppose -n - 6*b = -b + i, 2*n + 5*b + 10 = 0. Calculate the highest common divisor of 1 and n.
1
Let h = -103 + 111. Suppose 5*j - 82 = -v, -2*v = -v - j - 70. What is the highest common divisor of h and v?
8
Let y(f) = -f**3 - 5*f**2 + 14. Let w be y(-5). Calculate the highest common divisor of w and 126.
14
Let d(z) = 38*z**2 + 0*z**2 - 10*z**2 - 1 + 29*z**2. Let h be d(1). Calculate the greatest common divisor of 7 and h.
7
Let m(s) = -9*s**2 + 4*s + 8. Let d be m(6). Let g = -208 - d. What is the highest common divisor of g and 12?
12
Let o be ((-21)/(-2))/((-33)/(-44)). What is the highest common factor of o and 70?
14
Let x = 1 - -1. Let m be (x - (-18)/(-4))*-4. What is the greatest common factor of m and 80?
10
Let o = 24 - 15. What is the greatest common divisor of 27 and o?
9
Let n be 51/15 + 2/(-5). Suppose -n*x + 16 = -20. What is the greatest common factor of 132 and x?
12
Let h(c) = 35*c - 3. Let w be h(6). Calculate the greatest common factor of w and 23.
23
Let r be 5 + 1 + -4 + 7. Calculate the greatest common divisor of 9 and r.
9
Suppose -5*j - 4*g + 15 = -5, -4*j = -5*g + 25. Suppose -3*f + 4*q + 47 = j, 5*f = q + 3*q + 65. Calculate the highest common divisor of 1 and f.
1
Suppose -70 = 4*s + 4*p - 210, -p + 107 = 3*s. What is the greatest common divisor of s and 18?
18
Let j(d) = -4*d + 1. Let m be j(-1). Let y(w) = -8*w**2 - 3*w - w + m - w**3 + 15*w**2 - 2*w. Let p be y(6). Calculate the highest common divisor of p and 10.
5
Suppose 3*s + 2*s - 630 = 0. Let y(z) = -z + 3. Let o be y(-5). Suppose -m = -o - 6. What is the greatest common factor of m and s?
14
Suppose -8 = -2*v + v. Calculate the greatest common factor of v and 32.
8
Let v(b) = 7*b**2 + 6*b + 2. Suppose 3*y = -2*y - 20. Let r be v(y). What is the greatest common factor of 30 and r?
30
Let i(y) = -y**3 - 2*y + 19. Let a be i(0). What is the greatest common factor of 19 and a?
19
Let k be (-183)/(-9) + 4/(-12). Calculate the highest common divisor of 10 and k.
10
Suppose -4*l = -2*l - 104. Calculate the highest common divisor of 78 and l.
26
Let m be 24/14*(-28)/(-6). Suppose -2*t = -2*x - 4*t, 2*x + 5*t = -12. Calculate the greatest common factor of m and x.
4
Let b = 9 + 156. Calculate the greatest common factor of 15 and b.
15
Let c be (1 - 6)/((-2)/4).